
{"id":1429,"date":"2022-11-07T16:39:27","date_gmt":"2022-11-07T16:39:27","guid":{"rendered":"https:\/\/letraweb.org\/?page_id=1429"},"modified":"2023-01-02T01:25:10","modified_gmt":"2023-01-02T01:25:10","slug":"acerca-de-mi","status":"publish","type":"page","link":"https:\/\/letraweb.org\/en\/acerca-de-mi\/","title":{"rendered":"Acerca de m\u00ed"},"content":{"rendered":"<div class=\"wpb-content-wrapper\"><div class=\"vc_row wpb_row vc_row-fluid\"><div class=\"wpb_column vc_column_container vc_col-sm-12\"><div class=\"vc_column-inner\"><div class=\"wpb_wrapper\">\n\t<div class=\"wpb_text_column wpb_content_element\" >\n\t\t<div class=\"wpb_wrapper\">\n\t\t\t<p>Poeta y narradora.<\/p>\n<p>Nac\u00ed el 21 de junio del a\u00f1o 1975. Siendo amante del arte en todas sus manifestaciones fue otro mi camino y me gradu\u00e9 como Licenciada en Ciencias Farmac\u00e9uticas en la Universidad de La Habana.<\/p>\n<p><img loading=\"lazy\" decoding=\"async\" class=\"wp-image-1506 alignleft\" src=\"https:\/\/letraweb.org\/wp-content\/uploads\/2022\/11\/perfil_JK-300x300.png\" alt=\"\" width=\"222\" height=\"222\" srcset=\"https:\/\/letraweb.org\/wp-content\/uploads\/2022\/11\/perfil_JK-300x300.png 300w, https:\/\/letraweb.org\/wp-content\/uploads\/2022\/11\/perfil_JK-150x150.png 150w, https:\/\/letraweb.org\/wp-content\/uploads\/2022\/11\/perfil_JK-12x12.png 12w, https:\/\/letraweb.org\/wp-content\/uploads\/2022\/11\/perfil_JK.png 437w\" sizes=\"auto, (max-width: 222px) 100vw, 222px\" \/>Entre mis publicaciones est\u00e1n el relato \u201cLos 360 minutos de Gustavo Cabernet\u201d, Libro de los talleres, Editorial Dunken, Argentina (2008) y el poema \u201cSi no fuera de ti\u201d, Antolog\u00eda 1001 Poemas, Dexeo Editores, Espa\u00f1a (2009). Libro de Poes\u00eda \u201cDesearte en abril\u201d KDP Amazon (2019), Libro \u201cEl Muriente de Lupi y otros cuentos\u201d KDP Amazon (2020).<\/p>\n<p>Otras de mis creaciones po\u00e9ticas se encuentran en revistas digitales como Artesan\u00edas Literarias (Israel) y Gaceta Virtual (Argentina). Pertenezco al Directorio Remes y soy miembro de Poetas del Mundo. Algunos de los reconocimientos que he recibido son: Tercera menci\u00f3n del II Certamen Internacional de Poes\u00eda Libre Artesan\u00edas Literarias 2009 (Argentina-Israel) y Menci\u00f3n especial en I Concurso Internacional de Poes\u00eda en la red social: La Barca de las Palabras y de la Imagen 2008 (Venezuela).<\/p>\n<p>He resultado finalista en varios cert\u00e1menes internacionales de poes\u00eda y relato corto.<\/p>\n<p>Cuento en mi haber con 9 libros in\u00e9ditos de poes\u00eda y tres novelas: \u00abEL K\u00c9BIR\u00bb (2020), \u00abCIELO QUE HUYE\u00bb (2021) y \u00abOPERACI\u00d3N PIR\u00c1MIDE \u00bb (2022).<\/p>\n<p>Dirijo los blogs:\u00a0Letraweb,\u00a0C\u00f3digo Betelgeuse\u00a0y\u00a0Sue\u00f1os al pairo, de los cuales soy su creadora, donde incursiono, adem\u00e1s, como entrevistadora de autores -noveles y consagrados- del \u00e1mbito literario y pict\u00f3rico, as\u00ed como de figuras relevantes en el \u00e1mbito ufol\u00f3gico.<\/p>\n<p>Me interesan adem\u00e1s los temas sobre fen\u00f3menos paranormales, ufolog\u00eda, mundos trascendentes y desarrollo ps\u00edquico.<\/p>\n<p>&nbsp;<\/p>\n\n\t\t<\/div>\n\t<\/div>\n<\/div><\/div><\/div><\/div><\/div>","protected":false},"excerpt":{"rendered":"Poeta y narradora. Nac\u00ed el 21 de junio del a\u00f1o 1975. Siendo amante del arte en todas sus manifestaciones fue otro mi camino y me gradu\u00e9 como Licenciada en Ciencias Farmac\u00e9uticas en la Universidad de La Habana. Entre mis publicaciones est\u00e1n el relato \u201cLos 360 minutos de Gustavo Cabernet\u201d, Libro de los talleres, Editorial Dunken,<div class=\"more-link-wrap text-center\"><a href=\"https:\/\/letraweb.org\/en\/acerca-de-mi\/\" class=\"more-link btn btn-outline-secondary\">Continuar leyendo<\/a><\/div>","protected":false},"author":2,"featured_media":0,"parent":0,"menu_order":0,"comment_status":"closed","ping_status":"closed","template":"","meta":{"_seopress_robots_primary_cat":"","_seopress_titles_title":"","_seopress_titles_desc":"","_seopress_robots_index":"","iawp_total_views":13,"footnotes":""},"class_list":["post-1429","page","type-page","status-publish","hentry"],"_links":{"self":[{"href":"https:\/\/letraweb.org\/en\/wp-json\/wp\/v2\/pages\/1429","targetHints":{"allow":["GET"]}}],"collection":[{"href":"https:\/\/letraweb.org\/en\/wp-json\/wp\/v2\/pages"}],"about":[{"href":"https:\/\/letraweb.org\/en\/wp-json\/wp\/v2\/types\/page"}],"author":[{"embeddable":true,"href":"https:\/\/letraweb.org\/en\/wp-json\/wp\/v2\/users\/2"}],"replies":[{"embeddable":true,"href":"https:\/\/letraweb.org\/en\/wp-json\/wp\/v2\/comments?post=1429"}],"version-history":[{"count":5,"href":"https:\/\/letraweb.org\/en\/wp-json\/wp\/v2\/pages\/1429\/revisions"}],"predecessor-version":[{"id":1694,"href":"https:\/\/letraweb.org\/en\/wp-json\/wp\/v2\/pages\/1429\/revisions\/1694"}],"wp:attachment":[{"href":"https:\/\/letraweb.org\/en\/wp-json\/wp\/v2\/media?parent=1429"}],"curies":[{"name":"wp","href":"https:\/\/api.w.org\/{rel}","templated":true}]}}

Acerca de mí

<div class="wpb-content-wrapper"><div class="vc_row wpb_row vc_row-fluid"><div class="wpb_column vc_column_container vc_col-sm-12"><div class="vc_column-inner"><div class="wpb_wrapper">
	<div class="wpb_text_column wpb_content_element" >
		<div class="wpb_wrapper">
			<p>Poeta y narradora.</p>
<p>Nací el 21 de junio del año 1975. Siendo amante del arte en todas sus manifestaciones fue otro mi camino y me gradué como Licenciada en Ciencias Farmacéuticas en la Universidad de La Habana.</p>
<p><img loading="lazy" decoding="async" class="wp-image-1506 alignleft" src="https://letraweb.org/wp-content/uploads/2022/11/perfil_JK-300x300.png" alt="" width="222" height="222" srcset="https://letraweb.org/wp-content/uploads/2022/11/perfil_JK-300x300.png 300w, https://letraweb.org/wp-content/uploads/2022/11/perfil_JK-150x150.png 150w, https://letraweb.org/wp-content/uploads/2022/11/perfil_JK-12x12.png 12w, https://letraweb.org/wp-content/uploads/2022/11/perfil_JK.png 437w" sizes="auto, (max-width: 222px) 100vw, 222px" />Entre mis publicaciones están el relato “Los 360 minutos de Gustavo Cabernet”, Libro de los talleres, Editorial Dunken, Argentina (2008) y el poema “Si no fuera de ti”, Antología 1001 Poemas, Dexeo Editores, España (2009). Libro de Poesía “Desearte en abril” KDP Amazon (2019), Libro “El Muriente de Lupi y otros cuentos” KDP Amazon (2020).</p>
<p>Otras de mis creaciones poéticas se encuentran en revistas digitales como Artesanías Literarias (Israel) y Gaceta Virtual (Argentina). Pertenezco al Directorio Remes y soy miembro de Poetas del Mundo. Algunos de los reconocimientos que he recibido son: Tercera mención del II Certamen Internacional de Poesía Libre Artesanías Literarias 2009 (Argentina-Israel) y Mención especial en I Concurso Internacional de Poesía en la red social: La Barca de las Palabras y de la Imagen 2008 (Venezuela).</p>
<p>He resultado finalista en varios certámenes internacionales de poesía y relato corto.</p>
<p>Cuento en mi haber con 9 libros inéditos de poesía y tres novelas: «EL KÉBIR» (2020), «CIELO QUE HUYE» (2021) y «OPERACIÓN PIRÁMIDE » (2022).</p>
<p>Dirijo los blogs: Letraweb, Código Betelgeuse y Sueños al pairo, de los cuales soy su creadora, donde incursiono, además, como entrevistadora de autores -noveles y consagrados- del ámbito literario y pictórico, así como de figuras relevantes en el ámbito ufológico.</p>
<p>Me interesan además los temas sobre fenómenos paranormales, ufología, mundos trascendentes y desarrollo psíquico.</p>
<p>&nbsp;</p>

		</div>
	</div>
</div></div></div></div></div>

Poeta y narradora. Nací el 21 de junio del año 1975. Siendo amante del arte en todas sus manifestaciones fue otro mi camino y me gradué como Licenciada en Ciencias Farmacéuticas en la Universidad de La Habana. Entre mis publicaciones están el relato “Los 360 minutos de Gustavo Cabernet”, Libro de los talleres, Editorial Dunken,<div class="more-link-wrap text-center"><a href="https://letraweb.org/en/acerca-de-mi/" class="more-link btn btn-outline-secondary">Continuar leyendo</a></div>
